when 1715 is divided by 533?
116
Calculate the remainder when 2931 is divided by 238.
75
Calculate the remainder when 33726 is divided by 74.
56
Calculate the remainder when 2420 is divided by 10.
0
What is the remainder when 435050 is divided by 61?
59
What is the remainder when 44804 is divided by 771?
86
Calculate the remainder when 36267 is divided by 90.
87
Calculate the remainder when 16022 is divided by 1770.
92
Calculate the remainder when 560769 is divided by 367.
360
What is the remainder when 4412868 is divided by 14?
12
Calculate the remainder when 2425 is divided by 1209.
7
What is the remainder when 698 is divided by 46?
8
What is the remainder when 8319 is divided by 2767?
18
What is the remainder when 22996 is divided by 30?
16
What is the remainder when 16979 is divided by 124?
115
What is the remainder when 4445 is divided by 120?
5
Calculate the remainder when 62915 is divided by 15725.
15
Calculate the remainder when 30927 is divided by 65.
52
Calculate the remainder when 229 is divided by 12.
1
Calculate the remainder when 39710 is divided by 9926.
6
Calculate the remainder when 196842 is divided by 5.
2
What is the remainder when 26677 is divided by 722?
685
Calculate the remainder when 28119 is divided by 1278.
3
What is the remainder when 388226 is divided by 123?
38
What is the remainder when 223348 is divided by 781?
763
What is the remainder when 2744 is divided by 278?
242
What is the remainder when 5527 is divided by 151?
91
What is the remainder when 203999 is divided by 172?
7
Calculate the remainder when 38145 is divided by 1230.
15
Calculate the remainder when 17588 is divided by 638.
362
What is the remainder when 129292 is divided by 577?
44
What is the remainder when 5779946 is divided by 1023?
1019
What is the remainder when 473089 is divided by 118270?
9
Calculate the remainder when 4061 is divided by 27.
11
Calculate the remainder when 22441 is divided by 1870.
1
What is the remainder when 46225 is divided by 160?
145
Calculate the remainder when 1610 is divided by 17.
12
What is the remainder when 1672 is divided by 702?
268
What is the remainder when 648914 is divided by 27?
23
Calculate the remainder when 9755 is divided by 666.
431
Calculate the remainder when 49309 is divided by 1494.
7
Calculate the remainder when 6009 is divided by 603.
582
Calculate the remainder when 65241 is divided by 473.
440
Calculate the remainder when 42048 is divided by 298.
30
What is the remainder when 12516 is divided by 40?
36
Calculate the remainder when 83985 is divided by 2799.
15
What is the remainder when 17154 is divided by 365?
364
What is the remainder when 580989 is divided by 487?
485
What is the remainder when 174976 is divided by 9?
7
What is the remainder when 199978 is divided by 89?
84
Calculate the remainder when 1557 is divided by 65.
62
What is the remainder when 640919 is divided by 120?
119
Calculate the remainder when 197214 is divided by 98607.
0
Calculate the remainder when 91949 is divided by 262.
249
Calculate the remainder when 73754 is divided by 24566.
56
What is the remainder when 4058 is divided by 581?
572
What is the remainder when 50970 is divided by 476?
38
What is the remainder when 1521 is divided by 388?
357
Calculate the remainder when 81179 is divided by 81172.
7
Calculate the remainder when 1000 is divided by 117.
64
What is the remainder when 1786 is divided by 401?
182
What is the remainder when 1623410 is divided by 148?
146
What is the remainder when 478128 is divided by 698?
696
What is the remainder when 18307 is divided by 10?
7
What is the remainder when 6464 is divided by 1076?
8
What is the remainder when 67698 is divided by 67608?
90
What is the remainder when 4232 is divided by 703?
14
What is the remainder when 25754 is divided by 318?
314
What is the remainder when 38130 is divided by 4?
2
Calculate the remainder when 9565 is divided by 24.
13
Calculate the remainder when 11820 is divided by 70.
60
What is the remainder when 16259 is divided by 148?
127
Calculate the remainder when 320988 is divided by 411.
408
Calculate the remainder when 841 is divided by 257.
70
What is the remainder when 2273 is divided by 377?
11
What is the remainder when 1658435 is divided by 39?
38
What is the remainder when 72076 is divided by 3432?
4
What is the remainder when 3400 is divided by 262?
256
What is the remainder when 27093 is divided by 13542?
9
Calculate the remainder when 1805 is divided by 338.
115
What is the remainder when 17788 is divided by 1112?
1108
Calculate the remainder when 39572 is divided by 388.
384
Calculate the remainder when 2740 is divided by 448.
52
What is the remainder when 33675 is divided by 109?
103
What is the remainder when 47137 is divided by 684?
625
What is the remainder when 16517 is divided by 413?
410
What is the remainder when 450 is divided by 238?
212
What is the remainder when 1066 is divided by 308?
142
What is the remainder when 60016 is divided by 1539?
1534
Calculate the remainder when 43058 is divided by 599.
529
Calculate the remainder when 157926 is divided by 203.
195
Calculate the remainder when 92374 is divided by 8.
6
Calculate the remainder when 145997 is divided by 566.
535
What is the remainder when 476039 is divided by 20?
19
What is the remainder when 1138951 is divided by 8?
7
Calculate the remainder when 7514932 is divided by 98.
96
What is the remainder when 47405 is divided by 1528?
37
Calculate the remainder when 158378 is divided by 66.
44
What is the remainder when 6345 is divided by 865?
290
What is the remainder when 20872 is divided by 214?
114
What is the remainder when 3937 is divided by 1936?
65
Calculate the remainder when 33666 is divided by 341.
248
What is the remainder when 34 is divided by 34?
0
Calculate the remainder when 1309 is divided by 259.
14
What is the remainder when 51477 is divided by 15?
12
Calculate the remainder when 8920 is divided by 2223.
28
Calculate the remainder when 1288 is divided by 393.
109
Calculate the remainder when 133991 is divided by 6698.
31
What is the remainder when 5124 is divided by 239?
105
Calculate the remainder when 924 is divided by 444.
36
Calculate the remainder when 6786 is divided by 332.
146
What is the remainder when 624982 is divided by 101?
95
Calculate the remainder when 438172 is divided by 12.
4
What is the remainder when 281005 is divided by 143?
10
What is the remainder when 87165 is divided by 353?
327
Calculate the remainder when 100491 is divided by 111.
36
What is the remainder when 77166 is divided by 371?
369
Calculate the remainder when 410939 is divided by 102734.
3
What is the remainder when 5660553 is divided by 111?
108
Calculate the remainder when 2540 is divided by 512.
492
What is the remainder when 124529 is divided by 30?
29
What is the remainder when 3846 is divided by 343?
73
What is the remainder when 1549 is divided by 110?
9
Calculate the remainder when 14329 is divided by 434.
7
What is the remainder when 4471 is divided by 401?
60
What is the remainder when 26791 is divided by 39?
37
What is the remainder when 29607 is divided by 9867?
6
Calculate the remainder when 14379 is divided by 4791.
6
Calculate the remainder when 1794 is divided by 859.
76
Calculate the remainder when 3951 is divided by 1311.
18
What is the remainder when 988 is divided by 966?
22
What is the remainder when 2152 is divided by 625?
277
Calculate the remainder when 721 is divided by 35.
21
Calculate the remainder when 75339 is divided by 12.
3
What is the remainder when 21465 is divided by 1951?
4
What is the remainder when 3944 is divided by 192?
104
Calculate the remainder when 3396 is divided by 114.
90
Calculate the remainder when 27058 is divided by 12.
10
Calculate the remainder when 6269 is divided by 218.
165
Calculate the remainder when 5052 is divided by 718.
26
Calculate the remainder when 252744 is divided by 250.
244
What is the remainder when 282324 is divided by 11?
9
Calculate the remainder when 9725 is divided by 1905.
200
Calculate the remainder when 5397 is divided by 435.
177
What is the remainder when 1990 is divided by 121?
54
Calculate the remainder when 129570 is divided by 1089.
1068
What is the remainder when 9929 is divided